{"id":1271,"date":"2026-01-08T13:15:34","date_gmt":"2026-01-08T13:15:34","guid":{"rendered":"https:\/\/digitalmenteagencia.com.br\/mondelbr\/?page_id=1271"},"modified":"2026-01-08T19:26:45","modified_gmt":"2026-01-08T19:26:45","slug":"frota","status":"publish","type":"page","link":"https:\/\/digitalmenteagencia.com.br\/mondelbr\/frota\/","title":{"rendered":"Frota"},"content":{"rendered":"\t\t<div data-elementor-type=\"wp-page\" data-elementor-id=\"1271\" class=\"elementor elementor-1271\" data-elementor-post-type=\"page\">\n\t\t\t\t<div class=\"aux-parallax-section elementor-element elementor-element-33e7c9f e-con-full e-flex e-con e-parent\" data-id=\"33e7c9f\" data-element_type=\"container\">\n\t\t\t\t<div class=\"elementor-element elementor-element-cad16d6 elementor-widget elementor-widget-heading\" data-id=\"cad16d6\" data-element_type=\"widget\" data-widget_type=\"heading.default\">\n\t\t\t\t<div class=\"elementor-widget-container\">\n\t\t\t\t\t<h2 class=\"elementor-heading-title elementor-size-default\">Nossa frota a <b>servi\u00e7o<\/b><br> de sua <b>carga.<\/b><br><\/h2>\t\t\t\t<\/div>\n\t\t\t\t<\/div>\n\t\t\t\t<\/div>\n\t\t<div class=\"aux-parallax-section elementor-element elementor-element-8b91b6e e-flex e-con-boxed e-con e-parent\" data-id=\"8b91b6e\" data-element_type=\"container\" data-settings=\"{&quot;background_background&quot;:&quot;gradient&quot;}\">\n\t\t\t\t\t<div class=\"e-con-inner\">\n\t\t\t\t<div class=\"elementor-element elementor-element-4647b69 elementor-widget elementor-widget-heading\" data-id=\"4647b69\" data-element_type=\"widget\" data-widget_type=\"heading.default\">\n\t\t\t\t<div class=\"elementor-widget-container\">\n\t\t\t\t\t<h2 class=\"elementor-heading-title elementor-size-default\">Frota pr\u00f3pria para maior <b> efici\u00eancia e confiabilidade<\/b><\/h2>\t\t\t\t<\/div>\n\t\t\t\t<\/div>\n\t\t\t\t<div class=\"elementor-element elementor-element-e8bec83 elementor-widget elementor-widget-text-editor\" data-id=\"e8bec83\" data-element_type=\"widget\" data-widget_type=\"text-editor.default\">\n\t\t\t\t<div class=\"elementor-widget-container\">\n\t\t\t\t\t\t\t\t\t<p>Operamos com <strong data-start=\"13\" data-end=\"46\">mais de 150 ve\u00edculos pr\u00f3prios<\/strong>, o que nos permite total controle sobre prazos, rotas e seguran\u00e7a das cargas. Nossa frota inclui caminh\u00f5es <strong data-start=\"154\" data-end=\"185\">Mercedes-Benz, DAF e Scania<\/strong>, <strong data-start=\"187\" data-end=\"225\">furg\u00f5es para entrega de encomendas<\/strong>, <strong data-start=\"227\" data-end=\"281\">furg\u00f5es refrigerados com motores Thermo King A-500<\/strong>, <strong data-start=\"283\" data-end=\"304\">reboques laterais<\/strong> e <strong data-start=\"307\" data-end=\"357\">carretas com lona ou com grades, arcos e lonas<\/strong>. Essa estrutura garante maior efici\u00eancia operacional, confiabilidade nas entregas e alto padr\u00e3o de qualidade em cada opera\u00e7\u00e3o log\u00edstica.<\/p>\t\t\t\t\t\t\t\t<\/div>\n\t\t\t\t<\/div>\n\t\t\t\t\t<\/div>\n\t\t\t\t<\/div>\n\t\t<div class=\"aux-parallax-section elementor-element elementor-element-fb20228 e-flex e-con-boxed e-con e-parent\" data-id=\"fb20228\" data-element_type=\"container\" data-settings=\"{&quot;background_background&quot;:&quot;classic&quot;}\">\n\t\t\t\t\t<div class=\"e-con-inner\">\n\t\t\t\t<div class=\"elementor-element elementor-element-0a16967 elementor-widget elementor-widget-aux-gallery\" data-id=\"0a16967\" data-element_type=\"widget\" data-widget_type=\"aux-gallery.default\">\n\t\t\t\t<div class=\"elementor-widget-container\">\n\t\t\t\t\t<section class=\"widget-container aux-widget-gallery aux-parent-aucf7e613a\"><div id='aux-gallery-1' class='aux-gallery galleryid-1271 gallery-columns-4 aux-lightbox-gallery'><div class=\"aux-gallery-container aux-isotope-animated aux-row aux-de-col4 aux-tb-col2 aux-mb-col1 elementor-clickable aux-no-gutter aux-layout-masonry\"  data-pagination=\"false\" data-lazyload=\"false\" data-perpage=\"24\" data-layout=\"masonry\" data-space=\"10\" >    <figure class=\"gallery-item aux-hover-active aux-iso-item aux-col \">\n            <div class=\"aux-frame-mask-plain aux-frame-ratio \">\n                <a href=\"https:\/\/digitalmenteagencia.com.br\/mondelbr\/wp-content\/uploads\/2026\/01\/1.png\" class=\"aux-frame-ratio-inner aux-frame-darken aux-lightbox-btn \" data-elementor-open-lightbox=\"no\" data-original-width=\"1200\" data-original-height=\"675\" data-caption=\"1\">\n                                <div class=\"aux-hover-scale-circle-plus2\">\n                        <span class=\"aux-symbol-plus\"><\/span>\n                        <span class=\"aux-symbol-circle\"><\/span>\n                    <\/div>\n                        <img fetchpriority=\"high\" decoding=\"async\" width=\"300\" height=\"300\" src=\"https:\/\/digitalmenteagencia.com.br\/mondelbr\/wp-content\/uploads\/2026\/01\/1-300x300.png\" class=\"aux-attachment aux-featured-image attachment-300x300 aux-attachment-id-1302 \" alt=\"1\" srcset=\"https:\/\/digitalmenteagencia.com.br\/mondelbr\/wp-content\/uploads\/2026\/01\/1-150x150.png 150w,https:\/\/digitalmenteagencia.com.br\/mondelbr\/wp-content\/uploads\/2026\/01\/1-300x300.png 300w,https:\/\/digitalmenteagencia.com.br\/mondelbr\/wp-content\/uploads\/2026\/01\/1-768x675.png 768w,https:\/\/digitalmenteagencia.com.br\/mondelbr\/wp-content\/uploads\/2026\/01\/1-1024x675.png 1024w,https:\/\/digitalmenteagencia.com.br\/mondelbr\/wp-content\/uploads\/2026\/01\/1-300x300.png 300w,https:\/\/digitalmenteagencia.com.br\/mondelbr\/wp-content\/uploads\/2026\/01\/1-1190x1190.png 1190w\" data-ratio=\"1\" data-original-w=\"1200\" sizes=\"(max-width:767px) 100vw,(min-width:768px) and (max-width:1025px) 50vw,380px\" \/>                <\/a>\n            <\/div>\n                <\/figure>\n    <figure class=\"gallery-item aux-hover-active aux-iso-item aux-col \">\n            <div class=\"aux-frame-mask-plain aux-frame-ratio \">\n                <a href=\"https:\/\/digitalmenteagencia.com.br\/mondelbr\/wp-content\/uploads\/2026\/01\/2.jpg\" class=\"aux-frame-ratio-inner aux-frame-darken aux-lightbox-btn \" data-elementor-open-lightbox=\"no\" data-original-width=\"739\" data-original-height=\"520\" data-caption=\"2\">\n                                <div class=\"aux-hover-scale-circle-plus2\">\n                        <span class=\"aux-symbol-plus\"><\/span>\n                        <span class=\"aux-symbol-circle\"><\/span>\n                    <\/div>\n                        <img decoding=\"async\" width=\"300\" height=\"300\" src=\"https:\/\/digitalmenteagencia.com.br\/mondelbr\/wp-content\/uploads\/2026\/01\/2-300x300.jpg\" class=\"aux-attachment aux-featured-image attachment-300x300 aux-attachment-id-1303 \" alt=\"2\" srcset=\"https:\/\/digitalmenteagencia.com.br\/mondelbr\/wp-content\/uploads\/2026\/01\/2-150x150.jpg 150w,https:\/\/digitalmenteagencia.com.br\/mondelbr\/wp-content\/uploads\/2026\/01\/2-300x300.jpg 300w,https:\/\/digitalmenteagencia.com.br\/mondelbr\/wp-content\/uploads\/2026\/01\/2-300x300.jpg 300w,https:\/\/digitalmenteagencia.com.br\/mondelbr\/wp-content\/uploads\/2026\/01\/2-729x729.jpg 729w\" data-ratio=\"1\" data-original-w=\"739\" sizes=\"(max-width:767px) 100vw,(min-width:768px) and (max-width:1025px) 50vw,380px\" \/>                <\/a>\n            <\/div>\n                <\/figure>\n    <figure class=\"gallery-item aux-hover-active aux-iso-item aux-col \">\n            <div class=\"aux-frame-mask-plain aux-frame-ratio \">\n                <a href=\"https:\/\/digitalmenteagencia.com.br\/mondelbr\/wp-content\/uploads\/2026\/01\/3.png\" class=\"aux-frame-ratio-inner aux-frame-darken aux-lightbox-btn \" data-elementor-open-lightbox=\"no\" data-original-width=\"1200\" data-original-height=\"675\" data-caption=\"3\">\n                                <div class=\"aux-hover-scale-circle-plus2\">\n                        <span class=\"aux-symbol-plus\"><\/span>\n                        <span class=\"aux-symbol-circle\"><\/span>\n                    <\/div>\n                        <img decoding=\"async\" width=\"300\" height=\"300\" src=\"https:\/\/digitalmenteagencia.com.br\/mondelbr\/wp-content\/uploads\/2026\/01\/3-300x300.png\" class=\"aux-attachment aux-featured-image attachment-300x300 aux-attachment-id-1304 \" alt=\"3\" srcset=\"https:\/\/digitalmenteagencia.com.br\/mondelbr\/wp-content\/uploads\/2026\/01\/3-150x150.png 150w,https:\/\/digitalmenteagencia.com.br\/mondelbr\/wp-content\/uploads\/2026\/01\/3-300x300.png 300w,https:\/\/digitalmenteagencia.com.br\/mondelbr\/wp-content\/uploads\/2026\/01\/3-768x675.png 768w,https:\/\/digitalmenteagencia.com.br\/mondelbr\/wp-content\/uploads\/2026\/01\/3-1024x675.png 1024w,https:\/\/digitalmenteagencia.com.br\/mondelbr\/wp-content\/uploads\/2026\/01\/3-300x300.png 300w,https:\/\/digitalmenteagencia.com.br\/mondelbr\/wp-content\/uploads\/2026\/01\/3-1190x1190.png 1190w\" data-ratio=\"1\" data-original-w=\"1200\" sizes=\"(max-width:767px) 100vw,(min-width:768px) and (max-width:1025px) 50vw,380px\" \/>                <\/a>\n            <\/div>\n                <\/figure>\n    <figure class=\"gallery-item aux-hover-active aux-iso-item aux-col \">\n            <div class=\"aux-frame-mask-plain aux-frame-ratio \">\n                <a href=\"https:\/\/digitalmenteagencia.com.br\/mondelbr\/wp-content\/uploads\/2026\/01\/4.jpg\" class=\"aux-frame-ratio-inner aux-frame-darken aux-lightbox-btn \" data-elementor-open-lightbox=\"no\" data-original-width=\"1280\" data-original-height=\"669\" data-caption=\"4\">\n                                <div class=\"aux-hover-scale-circle-plus2\">\n                        <span class=\"aux-symbol-plus\"><\/span>\n                        <span class=\"aux-symbol-circle\"><\/span>\n                    <\/div>\n                        <img loading=\"lazy\" decoding=\"async\" width=\"300\" height=\"300\" src=\"https:\/\/digitalmenteagencia.com.br\/mondelbr\/wp-content\/uploads\/2026\/01\/4-300x300.jpg\" class=\"aux-attachment aux-featured-image attachment-300x300 aux-attachment-id-1305 \" alt=\"4\" srcset=\"https:\/\/digitalmenteagencia.com.br\/mondelbr\/wp-content\/uploads\/2026\/01\/4-150x150.jpg 150w,https:\/\/digitalmenteagencia.com.br\/mondelbr\/wp-content\/uploads\/2026\/01\/4-300x300.jpg 300w,https:\/\/digitalmenteagencia.com.br\/mondelbr\/wp-content\/uploads\/2026\/01\/4-768x669.jpg 768w,https:\/\/digitalmenteagencia.com.br\/mondelbr\/wp-content\/uploads\/2026\/01\/4-1024x669.jpg 1024w,https:\/\/digitalmenteagencia.com.br\/mondelbr\/wp-content\/uploads\/2026\/01\/4-300x300.jpg 300w,https:\/\/digitalmenteagencia.com.br\/mondelbr\/wp-content\/uploads\/2026\/01\/4-1270x1270.jpg 1270w\" data-ratio=\"1\" data-original-w=\"1280\" sizes=\"(max-width:767px) 100vw,(min-width:768px) and (max-width:1025px) 50vw,380px\" \/>                <\/a>\n            <\/div>\n                <\/figure>\n    <figure class=\"gallery-item aux-hover-active aux-iso-item aux-col \">\n            <div class=\"aux-frame-mask-plain aux-frame-ratio \">\n                <a href=\"https:\/\/digitalmenteagencia.com.br\/mondelbr\/wp-content\/uploads\/2026\/01\/5.png\" class=\"aux-frame-ratio-inner aux-frame-darken aux-lightbox-btn \" data-elementor-open-lightbox=\"no\" data-original-width=\"1200\" data-original-height=\"675\" data-caption=\"5\">\n                                <div class=\"aux-hover-scale-circle-plus2\">\n                        <span class=\"aux-symbol-plus\"><\/span>\n                        <span class=\"aux-symbol-circle\"><\/span>\n                    <\/div>\n                        <img loading=\"lazy\" decoding=\"async\" width=\"300\" height=\"300\" src=\"https:\/\/digitalmenteagencia.com.br\/mondelbr\/wp-content\/uploads\/2026\/01\/5-300x300.png\" class=\"aux-attachment aux-featured-image attachment-300x300 aux-attachment-id-1306 \" alt=\"5\" srcset=\"https:\/\/digitalmenteagencia.com.br\/mondelbr\/wp-content\/uploads\/2026\/01\/5-150x150.png 150w,https:\/\/digitalmenteagencia.com.br\/mondelbr\/wp-content\/uploads\/2026\/01\/5-300x300.png 300w,https:\/\/digitalmenteagencia.com.br\/mondelbr\/wp-content\/uploads\/2026\/01\/5-768x675.png 768w,https:\/\/digitalmenteagencia.com.br\/mondelbr\/wp-content\/uploads\/2026\/01\/5-1024x675.png 1024w,https:\/\/digitalmenteagencia.com.br\/mondelbr\/wp-content\/uploads\/2026\/01\/5-300x300.png 300w,https:\/\/digitalmenteagencia.com.br\/mondelbr\/wp-content\/uploads\/2026\/01\/5-1190x1190.png 1190w\" data-ratio=\"1\" data-original-w=\"1200\" sizes=\"(max-width:767px) 100vw,(min-width:768px) and (max-width:1025px) 50vw,380px\" \/>                <\/a>\n            <\/div>\n                <\/figure>\n    <figure class=\"gallery-item aux-hover-active aux-iso-item aux-col \">\n            <div class=\"aux-frame-mask-plain aux-frame-ratio \">\n                <a href=\"https:\/\/digitalmenteagencia.com.br\/mondelbr\/wp-content\/uploads\/2026\/01\/6.jpg\" class=\"aux-frame-ratio-inner aux-frame-darken aux-lightbox-btn \" data-elementor-open-lightbox=\"no\" data-original-width=\"580\" data-original-height=\"549\" data-caption=\"6\">\n                                <div class=\"aux-hover-scale-circle-plus2\">\n                        <span class=\"aux-symbol-plus\"><\/span>\n                        <span class=\"aux-symbol-circle\"><\/span>\n                    <\/div>\n                        <img loading=\"lazy\" decoding=\"async\" width=\"300\" height=\"300\" src=\"https:\/\/digitalmenteagencia.com.br\/mondelbr\/wp-content\/uploads\/2026\/01\/6-300x300.jpg\" class=\"aux-attachment aux-featured-image attachment-300x300 aux-attachment-id-1307 \" alt=\"6\" srcset=\"https:\/\/digitalmenteagencia.com.br\/mondelbr\/wp-content\/uploads\/2026\/01\/6-150x150.jpg 150w,https:\/\/digitalmenteagencia.com.br\/mondelbr\/wp-content\/uploads\/2026\/01\/6-300x300.jpg 300w,https:\/\/digitalmenteagencia.com.br\/mondelbr\/wp-content\/uploads\/2026\/01\/6-300x300.jpg 300w,https:\/\/digitalmenteagencia.com.br\/mondelbr\/wp-content\/uploads\/2026\/01\/6-570x570.jpg 570w\" data-ratio=\"1\" data-original-w=\"580\" sizes=\"(max-width:767px) 100vw,(min-width:768px) and (max-width:1025px) 50vw,380px\" \/>                <\/a>\n            <\/div>\n                <\/figure>\n    <figure class=\"gallery-item aux-hover-active aux-iso-item aux-col \">\n            <div class=\"aux-frame-mask-plain aux-frame-ratio \">\n                <a href=\"https:\/\/digitalmenteagencia.com.br\/mondelbr\/wp-content\/uploads\/2026\/01\/7.jpg\" class=\"aux-frame-ratio-inner aux-frame-darken aux-lightbox-btn \" data-elementor-open-lightbox=\"no\" data-original-width=\"1280\" data-original-height=\"960\" data-caption=\"7\">\n                                <div class=\"aux-hover-scale-circle-plus2\">\n                        <span class=\"aux-symbol-plus\"><\/span>\n                        <span class=\"aux-symbol-circle\"><\/span>\n                    <\/div>\n                        <img loading=\"lazy\" decoding=\"async\" width=\"300\" height=\"300\" src=\"https:\/\/digitalmenteagencia.com.br\/mondelbr\/wp-content\/uploads\/2026\/01\/7-300x300.jpg\" class=\"aux-attachment aux-featured-image attachment-300x300 aux-attachment-id-1308 \" alt=\"7\" srcset=\"https:\/\/digitalmenteagencia.com.br\/mondelbr\/wp-content\/uploads\/2026\/01\/7-150x150.jpg 150w,https:\/\/digitalmenteagencia.com.br\/mondelbr\/wp-content\/uploads\/2026\/01\/7-300x300.jpg 300w,https:\/\/digitalmenteagencia.com.br\/mondelbr\/wp-content\/uploads\/2026\/01\/7-768x768.jpg 768w,https:\/\/digitalmenteagencia.com.br\/mondelbr\/wp-content\/uploads\/2026\/01\/7-1024x960.jpg 1024w,https:\/\/digitalmenteagencia.com.br\/mondelbr\/wp-content\/uploads\/2026\/01\/7-300x300.jpg 300w,https:\/\/digitalmenteagencia.com.br\/mondelbr\/wp-content\/uploads\/2026\/01\/7-1270x1270.jpg 1270w\" data-ratio=\"1\" data-original-w=\"1280\" sizes=\"(max-width:767px) 100vw,(min-width:768px) and (max-width:1025px) 50vw,380px\" \/>                <\/a>\n            <\/div>\n                <\/figure>\n    <figure class=\"gallery-item aux-hover-active aux-iso-item aux-col \">\n            <div class=\"aux-frame-mask-plain aux-frame-ratio \">\n                <a href=\"https:\/\/digitalmenteagencia.com.br\/mondelbr\/wp-content\/uploads\/2026\/01\/8.jpg\" class=\"aux-frame-ratio-inner aux-frame-darken aux-lightbox-btn \" data-elementor-open-lightbox=\"no\" data-original-width=\"1000\" data-original-height=\"750\" data-caption=\"8\">\n                                <div class=\"aux-hover-scale-circle-plus2\">\n                        <span class=\"aux-symbol-plus\"><\/span>\n                        <span class=\"aux-symbol-circle\"><\/span>\n                    <\/div>\n                        <img loading=\"lazy\" decoding=\"async\" width=\"300\" height=\"300\" src=\"https:\/\/digitalmenteagencia.com.br\/mondelbr\/wp-content\/uploads\/2026\/01\/8-300x300.jpg\" class=\"aux-attachment aux-featured-image attachment-300x300 aux-attachment-id-1309 \" alt=\"8\" srcset=\"https:\/\/digitalmenteagencia.com.br\/mondelbr\/wp-content\/uploads\/2026\/01\/8-150x150.jpg 150w,https:\/\/digitalmenteagencia.com.br\/mondelbr\/wp-content\/uploads\/2026\/01\/8-300x300.jpg 300w,https:\/\/digitalmenteagencia.com.br\/mondelbr\/wp-content\/uploads\/2026\/01\/8-768x750.jpg 768w,https:\/\/digitalmenteagencia.com.br\/mondelbr\/wp-content\/uploads\/2026\/01\/8-300x300.jpg 300w,https:\/\/digitalmenteagencia.com.br\/mondelbr\/wp-content\/uploads\/2026\/01\/8-990x990.jpg 990w\" data-ratio=\"1\" data-original-w=\"1000\" sizes=\"(max-width:767px) 100vw,(min-width:768px) and (max-width:1025px) 50vw,380px\" \/>                <\/a>\n            <\/div>\n                <\/figure>\n<\/div><\/div><\/section><!-- widget-container --><style>.aux-parent-aucf7e613a .aux-frame-ratio { padding-bottom:75% }<\/style>\t\t\t\t<\/div>\n\t\t\t\t<\/div>\n\t\t\t\t\t<\/div>\n\t\t\t\t<\/div>\n\t\t<div class=\"aux-parallax-section elementor-element elementor-element-e633881 e-flex e-con-boxed e-con e-parent\" data-id=\"e633881\" data-element_type=\"container\" data-settings=\"{&quot;background_background&quot;:&quot;gradient&quot;}\">\n\t\t\t\t\t<div class=\"e-con-inner\">\n\t\t\t\t<div class=\"elementor-element elementor-element-6dee7fc elementor-widget elementor-widget-heading\" data-id=\"6dee7fc\" data-element_type=\"widget\" data-widget_type=\"heading.default\">\n\t\t\t\t<div class=\"elementor-widget-container\">\n\t\t\t\t\t<h2 class=\"elementor-heading-title elementor-size-default\">Tecnologia e sustentabilidade s\u00e3o o <b>  nosso diferencial<\/b><\/h2>\t\t\t\t<\/div>\n\t\t\t\t<\/div>\n\t\t\t\t<div class=\"elementor-element elementor-element-5204e7b elementor-widget elementor-widget-text-editor\" data-id=\"5204e7b\" data-element_type=\"widget\" data-widget_type=\"text-editor.default\">\n\t\t\t\t<div class=\"elementor-widget-container\">\n\t\t\t\t\t\t\t\t\t<p data-start=\"229\" data-end=\"677\">Investimos continuamente em solu\u00e7\u00f5es que unem <strong data-start=\"275\" data-end=\"339\">inova\u00e7\u00e3o, efici\u00eancia energ\u00e9tica e responsabilidade ambiental<\/strong>. Nossa frota conta com caminh\u00f5es <strong data-start=\"373\" data-end=\"387\">DAF Euro 6<\/strong> e <strong data-start=\"390\" data-end=\"406\">Scania Super<\/strong>, tecnologias de \u00faltima gera\u00e7\u00e3o que reduzem significativamente as emiss\u00f5es e aumentam a efici\u00eancia operacional. Os modelos <strong data-start=\"529\" data-end=\"545\">Scania Super<\/strong> proporcionam uma redu\u00e7\u00e3o no consumo de combust\u00edvel entre <strong data-start=\"603\" data-end=\"615\">8% e 10%<\/strong>, contribuindo diretamente para uma opera\u00e7\u00e3o mais sustent\u00e1vel.<\/p>\t\t\t\t\t\t\t\t<\/div>\n\t\t\t\t<\/div>\n\t\t\t\t<div class=\"elementor-element elementor-element-b8f8b9d elementor-widget elementor-widget-image\" data-id=\"b8f8b9d\" data-element_type=\"widget\" data-widget_type=\"image.default\">\n\t\t\t\t<div class=\"elementor-widget-container\">\n\t\t\t\t\t\t\t\t\t\t\t\t\t\t\t<img loading=\"lazy\" decoding=\"async\" width=\"1920\" height=\"768\" src=\"https:\/\/digitalmenteagencia.com.br\/mondelbr\/wp-content\/uploads\/2025\/12\/sec.03.png\" class=\"attachment-full size-full wp-image-897\" alt=\"\" srcset=\"https:\/\/digitalmenteagencia.com.br\/mondelbr\/wp-content\/uploads\/2025\/12\/sec.03.png 1920w, https:\/\/digitalmenteagencia.com.br\/mondelbr\/wp-content\/uploads\/2025\/12\/sec.03-1536x614.png 1536w, https:\/\/digitalmenteagencia.com.br\/mondelbr\/wp-content\/uploads\/2025\/12\/sec.03-200x80.png 200w\" sizes=\"(max-width: 1920px) 100vw, 1920px\" \/>\t\t\t\t\t\t\t\t\t\t\t\t\t\t\t<\/div>\n\t\t\t\t<\/div>\n\t\t\t\t<div class=\"elementor-element elementor-element-78905b6 elementor-widget elementor-widget-text-editor\" data-id=\"78905b6\" data-element_type=\"widget\" data-widget_type=\"text-editor.default\">\n\t\t\t\t<div class=\"elementor-widget-container\">\n\t\t\t\t\t\t\t\t\t<p data-start=\"679\" data-end=\"1070\">Complementando essa estrutura, utilizamos <strong data-start=\"721\" data-end=\"786\">vans t\u00e9rmicas equipadas com motores Thermo King Advancer A500<\/strong>, que representam o que h\u00e1 de mais avan\u00e7ado em refrigera\u00e7\u00e3o de cargas. O sistema conta com <strong data-start=\"877\" data-end=\"932\">controlador inteligente e rastreamento via sat\u00e9lite<\/strong>, <strong data-start=\"934\" data-end=\"967\">motor diesel de 4 velocidades<\/strong>, <strong data-start=\"969\" data-end=\"1018\">modo de espera com conex\u00e3o \u00e0 energia el\u00e9trica<\/strong> e o <strong data-start=\"1023\" data-end=\"1069\">maior fluxo de ar do mercado, com 6.000 m\u00b3<\/strong>.<\/p><p data-start=\"1072\" data-end=\"1355\">O <strong data-start=\"1074\" data-end=\"1134\">Thermo King A500 estabelece um novo padr\u00e3o de desempenho<\/strong>, com <strong data-start=\"1140\" data-end=\"1213\">menor tempo de atividade do motor e redu\u00e7\u00e3o significativa de emiss\u00f5es<\/strong>, refor\u00e7ando nosso compromisso com a <strong data-start=\"1250\" data-end=\"1280\">sustentabilidade ambiental<\/strong>, a <strong data-start=\"1284\" data-end=\"1308\">seguran\u00e7a das cargas<\/strong> e a <strong data-start=\"1313\" data-end=\"1354\">excel\u00eancia em cada opera\u00e7\u00e3o log\u00edstica<\/strong>.<\/p>\t\t\t\t\t\t\t\t<\/div>\n\t\t\t\t<\/div>\n\t\t\t\t\t<\/div>\n\t\t\t\t<\/div>\n\t\t<div class=\"aux-parallax-section elementor-element elementor-element-db96911 e-flex e-con-boxed e-con e-parent\" data-id=\"db96911\" data-element_type=\"container\" data-settings=\"{&quot;background_background&quot;:&quot;classic&quot;}\">\n\t\t\t\t\t<div class=\"e-con-inner\">\n\t\t<div class=\"elementor-element elementor-element-4281587 e-con-full e-flex e-con e-child\" data-id=\"4281587\" data-element_type=\"container\">\n\t\t<div class=\"elementor-element elementor-element-5fecdb8 e-con-full e-flex e-con e-child\" data-id=\"5fecdb8\" data-element_type=\"container\">\n\t\t\t\t<div class=\"elementor-element elementor-element-2367867 elementor-widget elementor-widget-image\" data-id=\"2367867\" data-element_type=\"widget\" data-widget_type=\"image.default\">\n\t\t\t\t<div class=\"elementor-widget-container\">\n\t\t\t\t\t\t\t\t\t\t\t\t\t\t\t<img loading=\"lazy\" decoding=\"async\" width=\"1200\" height=\"400\" src=\"https:\/\/digitalmenteagencia.com.br\/mondelbr\/wp-content\/uploads\/2025\/12\/mondel_servicos.png\" class=\"attachment-full size-full wp-image-916\" alt=\"\" srcset=\"https:\/\/digitalmenteagencia.com.br\/mondelbr\/wp-content\/uploads\/2025\/12\/mondel_servicos.png 1200w, https:\/\/digitalmenteagencia.com.br\/mondelbr\/wp-content\/uploads\/2025\/12\/mondel_servicos-200x67.png 200w\" sizes=\"(max-width: 1200px) 100vw, 1200px\" \/>\t\t\t\t\t\t\t\t\t\t\t\t\t\t\t<\/div>\n\t\t\t\t<\/div>\n\t\t\t\t<\/div>\n\t\t\t\t<\/div>\n\t\t\t\t\t<\/div>\n\t\t\t\t<\/div>\n\t\t<div class=\"aux-parallax-section elementor-element elementor-element-4c601de e-flex e-con-boxed e-con e-parent\" data-id=\"4c601de\" data-element_type=\"container\">\n\t\t\t\t\t<div class=\"e-con-inner\">\n\t\t\t\t\t<\/div>\n\t\t\t\t<\/div>\n\t\t\t\t<\/div>\n\t\t","protected":false},"excerpt":{"rendered":"<p>Nossa frota a servi\u00e7o de sua carga. Frota pr\u00f3pria para maior efici\u00eancia e confiabilidade Operamos com mais de 150 ve\u00edculos pr\u00f3prios, o que nos permite total controle sobre prazos, rotas e seguran\u00e7a das cargas. Nossa frota inclui caminh\u00f5es Mercedes-Benz, DAF e Scania, furg\u00f5es para entrega de encomendas, furg\u00f5es refrigerados com motores Thermo King A-500, reboques [&hellip;]<\/p>\n","protected":false},"author":1,"featured_media":0,"parent":0,"menu_order":0,"comment_status":"closed","ping_status":"closed","template":"elementor_header_footer","meta":{"footnotes":""},"class_list":["post-1271","page","type-page","status-publish","hentry"],"_links":{"self":[{"href":"https:\/\/digitalmenteagencia.com.br\/mondelbr\/wp-json\/wp\/v2\/pages\/1271","targetHints":{"allow":["GET"]}}],"collection":[{"href":"https:\/\/digitalmenteagencia.com.br\/mondelbr\/wp-json\/wp\/v2\/pages"}],"about":[{"href":"https:\/\/digitalmenteagencia.com.br\/mondelbr\/wp-json\/wp\/v2\/types\/page"}],"author":[{"embeddable":true,"href":"https:\/\/digitalmenteagencia.com.br\/mondelbr\/wp-json\/wp\/v2\/users\/1"}],"replies":[{"embeddable":true,"href":"https:\/\/digitalmenteagencia.com.br\/mondelbr\/wp-json\/wp\/v2\/comments?post=1271"}],"version-history":[{"count":52,"href":"https:\/\/digitalmenteagencia.com.br\/mondelbr\/wp-json\/wp\/v2\/pages\/1271\/revisions"}],"predecessor-version":[{"id":1417,"href":"https:\/\/digitalmenteagencia.com.br\/mondelbr\/wp-json\/wp\/v2\/pages\/1271\/revisions\/1417"}],"wp:attachment":[{"href":"https:\/\/digitalmenteagencia.com.br\/mondelbr\/wp-json\/wp\/v2\/media?parent=1271"}],"curies":[{"name":"wp","href":"https:\/\/api.w.org\/{rel}","templated":true}]}}